r when 27 is divided by t/16 + 1/4 + -2.
3
Let t = -1947 - -1956. Calculate the remainder when 628 is divided by t.
7
Let p(n) be the first derivative of 3*n**2/2 + 4*n - 13. Let f(y) = -y**3 + 3*y**2 + 5*y - 2. Let h be f(4). Calculate the remainder when 36 is divided by p(h).
6
Let s = 474 - 337. Calculate the remainder when s is divided by 28.
25
Suppose -67 = 5*n - 327. What is the remainder when n is divided by 6?
4
Let f(l) = -l**3 + 2*l**2 + 4*l - 3. Let d be f(3). Suppose d = -n + 4*n - 42. Let s(h) = h**2 - 14*h + 3. What is the remainder when 11 is divided by s(n)?
2
Calculate the remainder when 35 is divided by 590/(-472) - 1/((-4)/77).
17
Let r = -8006 + 8017. Suppose 3*s + 1 = 13. Let x = s + 15. Calculate the remainder when x is divided by r.
8
Suppose 2*q = 4*s - 1656, 2*s + 0*q = 4*q + 834. What is the remainder when s is divided by 26?
23
Let i(j) = -j**2 + 21*j - 61. What is the remainder when 93 is divided by i(16)?
17
Let q(z) = 9*z - 13. Let o be (-1 + (-4)/(-3))*36. Calculate the remainder when q(o) is divided by (-9 - 3)*(-4)/2.
23
What is the remainder when 84 is divided by -4 - (-4 - 2 - 2) - -13?
16
What is the remainder when -4*((-135)/12 + 4) is divided by 7?
1
Let r(w) = 4*w**2 + 2*w. Let k be r(-3). What is the remainder when k*(4 + 0)*6/40 is divided by ((-7)/3)/(1/(-3))?
4
Suppose 2*h = 3*o - 114, -2*o + 24 = 4*h - 52. What is the remainder when 274 is divided by o?
8
Let t = 3200 + -3199. Let r(p) = -p**3 + 6. What is the remainder when r(0) is divided by t?
0
Suppose -2*m - 3*a + 23 = 0, 2*m - 28*a - 41 = -25*a. Calculate the remainder when 173 is divided by m.
13
What is the remainder when 64 is divided by (-136)/(-3)*39/52?
30
Let u = -70 + 74. Suppose 9*h = 113 + u. What is the remainder when 36 is divided by h?
10
Suppose -29*a = -608 - 668. What is the remainder when 439 is divided by a?
43
Suppose -3259 = -23*b + 812. What is the remainder when b is divided by 51?
24
Let v be 1*3 + (5 - -20). Let i = -26 + v. Suppose -z - 4*y = 2, -22 = -0*z - z + i*y. Calculate the remainder when 41 is divided by z.
13
Let h be -2 - ((4 - 6) + -1). Suppose 5*u - 4*q = 111, -21 = 5*q - h. Let k = -13 - -50. What is the remainder when k is divided by u?
18
Suppose -a + 89 = 4*o + 60, -a + 9 = -o. What is the remainder when 177 is divided by a?
8
Let z(v) = -5*v**3 - 14*v**2 - 9*v - 11. Let a(y) = y**3 - y + 1. Let b(t) = -4*a(t) - z(t). Calculate the remainder when 25 is divided by b(-13).
4
Let t = 2 - 0. What is the remainder when t - 8/6*-3 is divided by 2/5 - (-36)/10?
2
Suppose z + 45 = 2*x, 0*z - 3*z = 4*x - 95. What is the remainder when x is divided by (0 - 96/40)*-5?
11
Let z = 28 - 12. Suppose 6*l - l - 25 = 0. Let x = z - l. What is the remainder when 21 is divided by x?
10
Calculate the remainder when 359 is divided by (8/9 - 1) + (-4866)/(-54).
89
Let g(b) = b**2 - 7*b + 6. Let j be g(7). What is the remainder when 6*3/j - (-19 + -1) is divided by 13?
10
Suppose 0 = 3*o - 5*x + 4 - 29, -3*o - 15 = 3*x. Suppose -4*k = s - 3*k - 8, 2*k + 2 = o. What is the remainder when 14*((-1 - 0) + 2) is divided by s?
5
Let x be -57 + 46 + (3 - (-1 + 1)). What is the remainder when (-2227)/(-68) - 2/x is divided by 7?
5
Suppose -r = l + 5 - 22, 5*l - 71 = -4*r. Calculate the remainder when 68 is divided by r.
12
Suppose n = 6*n + 5*h - 55, 4*h = 4*n - 84. Let q(y) = -11*y - 77. What is the remainder when q(-14) is divided by n?
13
Suppose -27*u = -5697 + 297. What is the remainder when u is divided by 34?
30
Suppose -2*q + 3*k + 99 = -93, -q + 9*k + 141 = 0. Let a(b) = -b**3 - 5*b**2 + 3*b. What is the remainder when q is divided by a(-6)?
15
Suppose 0 = 10*s - 117 - 273. Calculate the remainder when 120 is divided by s.
3
Suppose 2*j - 12*j = -160. Let m = 12 - 3. What is the remainder when j is divided by m?
7
Suppose 0 = -d + 5*b - 22, -2*b + 2 = 5*d + 4. Let t = d - -6. Suppose -3*u - 2*w = -38, -t*w + 0*w - 20 = 0. What is the remainder when 29 is divided by u?
13
Let x = -39 + 69. Suppose 35 + x = 5*b. Let c = b - 4. What is the remainder when 35 is divided by c?
8
Let j(g) = -g + 3. Let t be j(6). Let w = 5 + t. What is the remainder when w is divided by -10 + (-92)/(-10) - (-14)/5?
0
Let j(n) = 8*n**2 - 32*n - 69. Calculate the remainder when j(-10) is divided by 66.
61
Let b = 47 + 285. What is the remainder when b is divided by 24?
20
Let o = 209 + -187. What is the remainder when 834 is divided by o?
20
Let t = 630 + -181. What is the remainder when t is divided by 6?
5
Suppose 3*d - f = 5*d - 135, -2*f = d - 66. What is the remainder when d is divided by 18?
14
Suppose -639 + 300 = -t. What is the remainder when t is divided by 19?
16
Suppose -4*q + 5*b + 235 = 0, q = -5*b + 2*b + 80. What is the remainder when q is divided by 20?
5
Suppose 182 = 11*z + 6. Calculate the remainder when 1437 is divided by z.
13
Suppose 468 = 4*f + 22*f. Let m(x) = -x**2 + 4*x + 1. Let a be m(3). Suppose a*v = 2 + 274. What is the remainder when v is divided by f?
15
Let h(y) = -y**2 + 1. Let k(r) = -4*r**2 + 20*r. Let t(b) = -h(b) + k(b). Calculate the remainder when 19 is divided by t(6).
8
Suppose 113*z - 119*z + 36 = 0. Suppose -2*a = -3*k, 0 = k + 2*k - a. Suppose -3*j = -k*j - 63. Calculate the remainder when j is divided by z.
3
Let y = 1037 + -989. Suppose -51 = -3*c - 0*c. Calculate the remainder when y is divided by c.
14
Suppose 1272 = 16*u - 4*u. Let i = u - 54. Suppose 0 = -2*s + 27 + 1. Calculate the remainder when i is divided by s.
10
Let f(h) = h**2 - 4*h - 3. Let k be f(5). Suppose -y - 89 = -s, 3*s + k*y - 174 = 98. Calculate the remainder when s is divided by 31.
28
Suppose 39*s - 42*s + 12 = 0. Suppose -g - i + 11 = s, -3*g + 39 = -3*i. Suppose -b - 3*y = 7, 3*y + 9 = -3. What is the remainder when g is divided by b?
0
Suppose 6*j - 3*j = 18. Let g(q) = q**2 - 3*q + 7. Let t be g(j). Let h = t + -12. What is the remainder when h is divided by 7?
6
Calculate the remainder when 87 is divided by (162/9)/9*9/2.
6
Let p(z) = -z**3 + 9*z**2 + 13*z + 14. Let m(c) = 4*c - 7. Calculate the remainder when p(10) is divided by m(5).
5
Suppose -12*s - 191 + 1031 = 0. Calculate the remainder when s is divided by 19.
13
Suppose 6*s - 24 = 5*s. Let r = 574 + -533. What is the remainder when r is divided by s?
17
Let s(a) = a**2 + 26*a + 34. Calculate the remainder when s(-27) is divided by 16.
13
Suppose -23*h + 870 = 6*h. Calculate the remainder when 162 is divided by h.
12
Let z = 48 + 56. Let n be 3/(1*6)*-124. Let r = n + z. What is the remainder when r is divided by 11?
9
Let y(d) = -d**2 + 20*d + 61. What is the remainder when (-1 + 5/1)*8 is divided by y(22)?
15
Let h(x) = -6*x - 126. Let r = -2 - -5. Suppose 2*o - 95 = -r*o. What is the remainder when o is divided by h(-22)?
1
Suppose -24*p + 9726 = 1230. What is the remainder when p is divided by 40?
34
Let m be 3/((-10)/6 - -2). Suppose -3*k - m = -84. Suppose -143 = -21*q + 1411. Calculate the remainder when q is divided by k.
24
Let o(r) = 9*r - 22. Let u be o(3). Suppose v = u*b + 19, -5*v + 0*v = 2*b - 95. What is the remainder when 68 is divided by v?
11
Let i(o) = o**2 + 13*o - 45. Let n = 24 + -45. Calculate the remainder when i(n) is divided by 18.
15
Let y(p) = -2 + 12 - 1 + 8*p + p**2. Suppose 21*w = 20*w + 29. What is the remainder when y(-12) is divided by w?
28
Let d = 6 + 0. Suppose -4*k - 7 = -51. Suppose h - k = 6. Calculate the remainder when h is divided by d.
5
Suppose 2*j - 32 = -2*j - 5*z, 4*j + z = 16. Suppose 42 = 5*u - 2*n - 119, 93 = j*u - 3*n. What is the remainder when 65 is divided by u?
32
Suppose z - 129 = -3*v, 7*z - 516 = 3*z - 4*v. What is the remainder when z is divided by 27?
21
Let m(a) = 7*a**2 - 10*a - 24. Let p(u) = u**2 + u + 3. Let z be p(6). Suppose o = -0*o + z. Calculate the remainder when o is divided by m(-2).
21
Let w = 59 + -47. What is the remainder when (-1*(-3 + 50))/(-1) is divided by w?
11
Let d(f) = 8*f - 5. Let g(p) = 4*p**2 + 2 + p + 4*p**3 - 5*p**3 - 5*p. Let z be g(2). Calculate the remainder when 31 is divided by d(z).
9
Let w be (-1)/((-2)/(-16))*(-105)/21. Let r = w - 23. What is the remainder when 31 is divided by r?
14
Let n(g) = -3*g - 7. Let r be n(9). Let i be r/(-8) + 24/32. Suppose 0 = -0*y - 2*